{"id":188,"date":"2022-04-19T13:34:45","date_gmt":"2022-04-19T11:34:45","guid":{"rendered":"https:\/\/txdflwd.cluster031.hosting.ovh.net\/?post_type=product&#038;p=188"},"modified":"2026-04-07T23:26:00","modified_gmt":"2026-04-07T21:26:00","slug":"foie-gras-de-canard-entier-du-perigord-truffe-3","status":"publish","type":"product","link":"https:\/\/foiegrasbordas.fr\/index.php\/produit\/foie-gras-de-canard-entier-du-perigord-truffe-3\/","title":{"rendered":"Foie Gras de Canard Entier truff\u00e9 3%"},"content":{"rendered":"<p>Aromatis\u00e9e au Montbazillac, cette nouveaut\u00e9 a conquis les plus grands sp\u00e9cialistes, un tr\u00e9sor de notre terroir.<\/p>\n","protected":false},"excerpt":{"rendered":"<p><em>Foie gras de canard, truffe 3%, sel poivre cognac.<\/em><\/p>\n","protected":false},"featured_media":680,"comment_status":"open","ping_status":"closed","template":"","meta":[],"product_cat":[28,26],"product_tag":[],"class_list":{"0":"post-188","1":"product","2":"type-product","3":"status-publish","4":"has-post-thumbnail","6":"product_cat-foie-gras-canard-entiers-traditionnels","7":"product_cat-foie-gras-entiers-traditionnels","9":"first","10":"instock","11":"taxable","12":"shipping-taxable","13":"purchasable","14":"product-type-variable"},"yoast_head":"<!-- This site is optimized with the Yoast SEO plugin v23.9 - https:\/\/yoast.com\/wordpress\/plugins\/seo\/ -->\n<title>Foie Gras de Canard Entier truff\u00e9 3% - Maison Bordas<\/title>\n<meta name=\"description\" content=\"Retrouvez le foie gras de canard entier truff\u00e9 3% : Aromatis\u00e9e au Montbazillac, cette nouveaut\u00e9 a conquis les plus grands sp\u00e9cialistes, un tr\u00e9sor de notre terroir.\" \/>\n<meta name=\"robots\" content=\"index, follow, max-snippet:-1, max-image-preview:large, max-video-preview:-1\" \/>\n<link rel=\"canonical\" href=\"https:\/\/foiegrasbordas.fr\/index.php\/produit\/foie-gras-de-canard-entier-du-perigord-truffe-3\/\" \/>\n<meta property=\"og:locale\" content=\"fr_FR\" \/>\n<meta property=\"og:type\" content=\"article\" \/>\n<meta property=\"og:title\" content=\"Foie Gras de Canard Entier truff\u00e9 3% - Maison Bordas\" \/>\n<meta property=\"og:description\" content=\"Retrouvez le foie gras de canard entier truff\u00e9 3% : Aromatis\u00e9e au Montbazillac, cette nouveaut\u00e9 a conquis les plus grands sp\u00e9cialistes, un tr\u00e9sor de notre terroir.\" \/>\n<meta property=\"og:url\" content=\"https:\/\/foiegrasbordas.fr\/index.php\/produit\/foie-gras-de-canard-entier-du-perigord-truffe-3\/\" \/>\n<meta property=\"og:site_name\" content=\"Maison Bordas\" \/>\n<meta property=\"article:modified_time\" content=\"2026-04-07T21:26:00+00:00\" \/>\n<meta property=\"og:image\" content=\"https:\/\/foiegrasbordas.fr\/wp-content\/uploads\/2022\/04\/product_foiegrascanardtruffe3.png\" \/>\n\t<meta property=\"og:image:width\" content=\"424\" \/>\n\t<meta property=\"og:image:height\" content=\"258\" \/>\n\t<meta property=\"og:image:type\" content=\"image\/png\" \/>\n<meta name=\"twitter:card\" content=\"summary_large_image\" \/>\n<meta name=\"twitter:label1\" content=\"Dur\u00e9e de lecture estim\u00e9e\" \/>\n\t<meta name=\"twitter:data1\" content=\"1 minute\" \/>\n<script type=\"application\/ld+json\" class=\"yoast-schema-graph\">{\"@context\":\"https:\/\/schema.org\",\"@graph\":[{\"@type\":\"WebPage\",\"@id\":\"https:\/\/foiegrasbordas.fr\/index.php\/produit\/foie-gras-de-canard-entier-du-perigord-truffe-3\/\",\"url\":\"https:\/\/foiegrasbordas.fr\/index.php\/produit\/foie-gras-de-canard-entier-du-perigord-truffe-3\/\",\"name\":\"Foie Gras de Canard Entier truff\u00e9 3% - Maison Bordas\",\"isPartOf\":{\"@id\":\"https:\/\/foiegrasbordas.fr\/#website\"},\"primaryImageOfPage\":{\"@id\":\"https:\/\/foiegrasbordas.fr\/index.php\/produit\/foie-gras-de-canard-entier-du-perigord-truffe-3\/#primaryimage\"},\"image\":{\"@id\":\"https:\/\/foiegrasbordas.fr\/index.php\/produit\/foie-gras-de-canard-entier-du-perigord-truffe-3\/#primaryimage\"},\"thumbnailUrl\":\"https:\/\/foiegrasbordas.fr\/wp-content\/uploads\/2022\/04\/product_foiegrascanardtruffe3.png\",\"datePublished\":\"2022-04-19T11:34:45+00:00\",\"dateModified\":\"2026-04-07T21:26:00+00:00\",\"description\":\"Retrouvez le foie gras de canard entier truff\u00e9 3% : Aromatis\u00e9e au Montbazillac, cette nouveaut\u00e9 a conquis les plus grands sp\u00e9cialistes, un tr\u00e9sor de notre terroir.\",\"breadcrumb\":{\"@id\":\"https:\/\/foiegrasbordas.fr\/index.php\/produit\/foie-gras-de-canard-entier-du-perigord-truffe-3\/#breadcrumb\"},\"inLanguage\":\"fr-FR\",\"potentialAction\":[{\"@type\":\"ReadAction\",\"target\":[\"https:\/\/foiegrasbordas.fr\/index.php\/produit\/foie-gras-de-canard-entier-du-perigord-truffe-3\/\"]}]},{\"@type\":\"ImageObject\",\"inLanguage\":\"fr-FR\",\"@id\":\"https:\/\/foiegrasbordas.fr\/index.php\/produit\/foie-gras-de-canard-entier-du-perigord-truffe-3\/#primaryimage\",\"url\":\"https:\/\/foiegrasbordas.fr\/wp-content\/uploads\/2022\/04\/product_foiegrascanardtruffe3.png\",\"contentUrl\":\"https:\/\/foiegrasbordas.fr\/wp-content\/uploads\/2022\/04\/product_foiegrascanardtruffe3.png\",\"width\":424,\"height\":258,\"caption\":\"photo foie gras de canard truff\u00e9\"},{\"@type\":\"BreadcrumbList\",\"@id\":\"https:\/\/foiegrasbordas.fr\/index.php\/produit\/foie-gras-de-canard-entier-du-perigord-truffe-3\/#breadcrumb\",\"itemListElement\":[{\"@type\":\"ListItem\",\"position\":1,\"name\":\"Accueil\",\"item\":\"https:\/\/foiegrasbordas.fr\/\"},{\"@type\":\"ListItem\",\"position\":2,\"name\":\"Boutique\",\"item\":\"https:\/\/foiegrasbordas.fr\/index.php\/boutique-produits-du-terroir\/\"},{\"@type\":\"ListItem\",\"position\":3,\"name\":\"Foie Gras de Canard Entier truff\u00e9 3%\"}]},{\"@type\":\"WebSite\",\"@id\":\"https:\/\/foiegrasbordas.fr\/#website\",\"url\":\"https:\/\/foiegrasbordas.fr\/\",\"name\":\"Maison Bordas\",\"description\":\"\",\"potentialAction\":[{\"@type\":\"SearchAction\",\"target\":{\"@type\":\"EntryPoint\",\"urlTemplate\":\"https:\/\/foiegrasbordas.fr\/?s={search_term_string}\"},\"query-input\":{\"@type\":\"PropertyValueSpecification\",\"valueRequired\":true,\"valueName\":\"search_term_string\"}}],\"inLanguage\":\"fr-FR\"}]}<\/script>\n<!-- \/ Yoast SEO plugin. -->","yoast_head_json":{"title":"Foie Gras de Canard Entier truff\u00e9 3% - Maison Bordas","description":"Retrouvez le foie gras de canard entier truff\u00e9 3% : Aromatis\u00e9e au Montbazillac, cette nouveaut\u00e9 a conquis les plus grands sp\u00e9cialistes, un tr\u00e9sor de notre terroir.","robots":{"index":"index","follow":"follow","max-snippet":"max-snippet:-1","max-image-preview":"max-image-preview:large","max-video-preview":"max-video-preview:-1"},"canonical":"https:\/\/foiegrasbordas.fr\/index.php\/produit\/foie-gras-de-canard-entier-du-perigord-truffe-3\/","og_locale":"fr_FR","og_type":"article","og_title":"Foie Gras de Canard Entier truff\u00e9 3% - Maison Bordas","og_description":"Retrouvez le foie gras de canard entier truff\u00e9 3% : Aromatis\u00e9e au Montbazillac, cette nouveaut\u00e9 a conquis les plus grands sp\u00e9cialistes, un tr\u00e9sor de notre terroir.","og_url":"https:\/\/foiegrasbordas.fr\/index.php\/produit\/foie-gras-de-canard-entier-du-perigord-truffe-3\/","og_site_name":"Maison Bordas","article_modified_time":"2026-04-07T21:26:00+00:00","og_image":[{"width":424,"height":258,"url":"https:\/\/foiegrasbordas.fr\/wp-content\/uploads\/2022\/04\/product_foiegrascanardtruffe3.png","type":"image\/png"}],"twitter_card":"summary_large_image","twitter_misc":{"Dur\u00e9e de lecture estim\u00e9e":"1 minute"},"schema":{"@context":"https:\/\/schema.org","@graph":[{"@type":"WebPage","@id":"https:\/\/foiegrasbordas.fr\/index.php\/produit\/foie-gras-de-canard-entier-du-perigord-truffe-3\/","url":"https:\/\/foiegrasbordas.fr\/index.php\/produit\/foie-gras-de-canard-entier-du-perigord-truffe-3\/","name":"Foie Gras de Canard Entier truff\u00e9 3% - Maison Bordas","isPartOf":{"@id":"https:\/\/foiegrasbordas.fr\/#website"},"primaryImageOfPage":{"@id":"https:\/\/foiegrasbordas.fr\/index.php\/produit\/foie-gras-de-canard-entier-du-perigord-truffe-3\/#primaryimage"},"image":{"@id":"https:\/\/foiegrasbordas.fr\/index.php\/produit\/foie-gras-de-canard-entier-du-perigord-truffe-3\/#primaryimage"},"thumbnailUrl":"https:\/\/foiegrasbordas.fr\/wp-content\/uploads\/2022\/04\/product_foiegrascanardtruffe3.png","datePublished":"2022-04-19T11:34:45+00:00","dateModified":"2026-04-07T21:26:00+00:00","description":"Retrouvez le foie gras de canard entier truff\u00e9 3% : Aromatis\u00e9e au Montbazillac, cette nouveaut\u00e9 a conquis les plus grands sp\u00e9cialistes, un tr\u00e9sor de notre terroir.","breadcrumb":{"@id":"https:\/\/foiegrasbordas.fr\/index.php\/produit\/foie-gras-de-canard-entier-du-perigord-truffe-3\/#breadcrumb"},"inLanguage":"fr-FR","potentialAction":[{"@type":"ReadAction","target":["https:\/\/foiegrasbordas.fr\/index.php\/produit\/foie-gras-de-canard-entier-du-perigord-truffe-3\/"]}]},{"@type":"ImageObject","inLanguage":"fr-FR","@id":"https:\/\/foiegrasbordas.fr\/index.php\/produit\/foie-gras-de-canard-entier-du-perigord-truffe-3\/#primaryimage","url":"https:\/\/foiegrasbordas.fr\/wp-content\/uploads\/2022\/04\/product_foiegrascanardtruffe3.png","contentUrl":"https:\/\/foiegrasbordas.fr\/wp-content\/uploads\/2022\/04\/product_foiegrascanardtruffe3.png","width":424,"height":258,"caption":"photo foie gras de canard truff\u00e9"},{"@type":"BreadcrumbList","@id":"https:\/\/foiegrasbordas.fr\/index.php\/produit\/foie-gras-de-canard-entier-du-perigord-truffe-3\/#breadcrumb","itemListElement":[{"@type":"ListItem","position":1,"name":"Accueil","item":"https:\/\/foiegrasbordas.fr\/"},{"@type":"ListItem","position":2,"name":"Boutique","item":"https:\/\/foiegrasbordas.fr\/index.php\/boutique-produits-du-terroir\/"},{"@type":"ListItem","position":3,"name":"Foie Gras de Canard Entier truff\u00e9 3%"}]},{"@type":"WebSite","@id":"https:\/\/foiegrasbordas.fr\/#website","url":"https:\/\/foiegrasbordas.fr\/","name":"Maison Bordas","description":"","potentialAction":[{"@type":"SearchAction","target":{"@type":"EntryPoint","urlTemplate":"https:\/\/foiegrasbordas.fr\/?s={search_term_string}"},"query-input":{"@type":"PropertyValueSpecification","valueRequired":true,"valueName":"search_term_string"}}],"inLanguage":"fr-FR"}]}},"jetpack_sharing_enabled":true,"_links":{"self":[{"href":"https:\/\/foiegrasbordas.fr\/index.php\/wp-json\/wp\/v2\/product\/188","targetHints":{"allow":["GET"]}}],"collection":[{"href":"https:\/\/foiegrasbordas.fr\/index.php\/wp-json\/wp\/v2\/product"}],"about":[{"href":"https:\/\/foiegrasbordas.fr\/index.php\/wp-json\/wp\/v2\/types\/product"}],"replies":[{"embeddable":true,"href":"https:\/\/foiegrasbordas.fr\/index.php\/wp-json\/wp\/v2\/comments?post=188"}],"version-history":[{"count":4,"href":"https:\/\/foiegrasbordas.fr\/index.php\/wp-json\/wp\/v2\/product\/188\/revisions"}],"predecessor-version":[{"id":921,"href":"https:\/\/foiegrasbordas.fr\/index.php\/wp-json\/wp\/v2\/product\/188\/revisions\/921"}],"wp:featuredmedia":[{"embeddable":true,"href":"https:\/\/foiegrasbordas.fr\/index.php\/wp-json\/wp\/v2\/media\/680"}],"wp:attachment":[{"href":"https:\/\/foiegrasbordas.fr\/index.php\/wp-json\/wp\/v2\/media?parent=188"}],"wp:term":[{"taxonomy":"product_cat","embeddable":true,"href":"https:\/\/foiegrasbordas.fr\/index.php\/wp-json\/wp\/v2\/product_cat?post=188"},{"taxonomy":"product_tag","embeddable":true,"href":"https:\/\/foiegrasbordas.fr\/index.php\/wp-json\/wp\/v2\/product_tag?post=188"}],"curies":[{"name":"wp","href":"https:\/\/api.w.org\/{rel}","templated":true}]}}